= 0. Let j be (-1 - -3)/(2/489). Let u = x + j. Is u composite?
True
Suppose 0*y = 2*y - 82. Let q = 94 - y. Is q a composite number?
False
Let x = 74 + -71. Let c(a) = 8*a**3 - 2*a**2 - a - 4. Is c(x) prime?
True
Let s be 2/5 + (-39)/(-15). Let k(h) = -h. Let o be k(-3). Is o/(4/(296/s)) prime?
False
Suppose -5*n + 12 = 2. Suppose n*j = -j. Suppose j = 3*h - 15 - 6. Is h prime?
True
Suppose -1402 = -3*w + 4430. Let s = w + -967. Is s composite?
False
Is (12 + -23)/((-3)/11721) a prime number?
False
Let p = -1420 + 2217. Is p a prime number?
True
Let o(c) = -3*c**2 - 14*c + 5. Let a be o(-5). Suppose 2*d = -a*d - 5*j + 3249, d + 5*j - 1612 = 0. Is d composite?
False
Let k be (3 - 7 - 1)/(-1). Suppose -5*n = 2*x - 9525, -k*n - 6*x + 9525 = -3*x. Suppose 0*f + n = 5*f. Is f prime?
False
Let a = 393 - 164. Let y = a + -160. Is (0 + y/6)*2 prime?
True
Let g = -61 + 16832. Is g a prime number?
False
Is (-16 + 17)*((-3 - -1) + 1137) composite?
True
Let c be -2 + -1 - (-4)/(-2). Let d = -5 - c. Let u = d - -3. Is u a composite number?
False
Suppose -15*k + 41*k = 108602. Is k prime?
True
Let r be 6 + (-2 - -2) + -3. Suppose j = 2*p - 7*p + 1048, -r*j = 2*p - 3092. Let b = -730 + j. Is b prime?
False
Let i = -2111 + 2788. Is i composite?
False
Suppose -27*r + 42119 = -97498. Is r composite?
False
Let t(y) = y**2 + 22 + y - 8*y - 15 + 7. Is t(8) a composite number?
True
Let f be 3/5 - 51/(-15). Suppose 1205 = 2*q + n, -f*q + 0*q = 5*n - 2401. Let z = -273 + q. Is z a composite number?
False
Let x = -5 - -8. Suppose x*b - 6 = -0. Suppose y = b*y - 159. Is y composite?
True
Suppose 2*o = 6*o - 8. Suppose -5*n - 17 = -o, -a = -4*n + 4486. Is (-10)/15 - a/6 a prime number?
False
Let y be ((-8)/(-5))/((-34)/(-5015)). Suppose -2*q - y = -4*q. Is q composite?
True
Let t = -8 - -11. Suppose 1561 + 2450 = t*v. Is v prime?
False
Suppose 61*h - 287885 = -4*h. Is h a prime number?
False
Suppose -3*z + 12 = c, 3*z - 6*z + 12 = -4*c. Let y = -3 + z. Is y/3 + (-2230)/(-15) a prime number?
True
Suppose 0 = 4*g - 27 - 5. Let u(z) = -5 + 4*z + 5 + 4*z**2 - 5 + 2*z**2. Is u(g) prime?
False
Let o(r) = 5*r - 6. Let x be o(2). Let u(n) = -n**2 + 5*n. Let m be u(x). Suppose -5*b = -m*a - 431, -5*b - a - 4*a + 395 = 0. Is b prime?
True
Let w(m) be the third derivative of -m**6/60 - 2*m**5/15 + m**4/6 - 13*m**3/6 + 9*m**2. Is w(-8) a prime number?
True
Let o(g) = -77*g**2 - 3*g - 4. Let k(c) = 153*c**2 + 6*c + 9. Let u(h) = -2*k(h) - 5*o(h). Let i(f) be the first derivative of u(f). Is i(4) a prime number?
False
Suppose 6*k = 7*k + 3. Let t = k + 11. Suppose -13*m = -t*m - 1895. Is m composite?
False
Let b = 9365 - 3298. Is b composite?
False
Suppose 22*c = 4*v + 27*c - 158189, 4*c = -5*v + 197743. Is v a composite number?
False
Let b(o) = o**2 - 5*o - 1. Let c be b(6). Suppose 0 = c*h - 4417 - 1888. Is h composite?
True
Let r = 13236 + -6715. Is r a prime number?
True
Let a = -650 + 1633. Is a a composite number?
False
Is (-42)/70*(-4411 + 6) prime?
False
Suppose 0 = 5*y - 6179 - 4976. Is y prime?
False
Suppose -5*f + 5*z = 10, 5*z - 13 - 9 = f. Is 71/f*1*15 a composite number?
True
Suppose 0 = 26*h - 18*h - 774904. Is h a composite number?
True
Suppose -5*l - 629 + 4599 = 0. Is l composite?
True
Let x(f) = -4*f**3 - 3*f**2 - f + 5. Let b be x(-7). Let t = -608 + b. Is t prime?
False
Let h(a) be the third derivative of -a**9/60480 - a**8/20160 + 221*a**6/720 + a**5/30 - 2*a**2. Let q(b) be the third derivative of h(b). Is q(0) prime?
False
Let z(l) = -l**3 - 15*l**2 + l + 11. Let x be z(-15). Let i = x + -3. Let u(m) = -2*m**3 - 3*m**2 + 8*m + 2. Is u(i) a prime number?
False
Let i(y) = 239*y**2 - 3. Is i(4) prime?
True
Suppose -5179 - 3143 = -2*k. Let y = k - 1142. Is y prime?
True
Suppose -4*p + 3940 = -q - 224, 3*q - 5188 = -5*p. Suppose -10*x + p = -6930. Is x a prime number?
True
Let v be 6/(-16) - (-236)/32. Suppose -v*w = -20*w + 44915. Is w a prime number?
False
Suppose -2 = 2*b - b, 3*m + 4*b + 26 = 0. Let w be m/4 + 7/(-14). Let o(s) = -154*s - 1. Is o(w) composite?
False
Let m be (-4)/(32/36)*-2. Suppose -4*w = -m*w + 15. Suppose -1046 = w*q - 5*q. Is q a composite number?
False
Let q = -103 + 146. Let f be 399/76*1/(2/(-8)). Let u = q + f. Is u prime?
False
Let n(w) = -w**2 + 10*w + 4. Let d be n(8). Let o = d - -102. Suppose 5*l = h - o, 5*h - 4*l = 23 + 587. Is h prime?
False
Let f(l) = l**3 - 4*l**2 + 2*l + 1. Let t be f(4). Suppose 3*h + t = 0, -h + 4 = d + h. Suppose -2*p = -d, 2*p = -m - p + 64. Is m a prime number?
False
Let k = 26678 - 5259. Is k composite?
False
Let t(c) be the second derivative of c**5/20 - c**4/3 - c**3/6 + 3*c**2/2 - 3*c. Let z(g) be the first derivative of t(g). Is z(8) a prime number?
True
Let v = 24 - 22. Suppose v*i - 2877 = -2*w + i, -5*i - 1444 = -w. Is w a composite number?
False
Let q(v) = -2*v**3 + 7*v**2 - 3*v + 17. Is q(-11) prime?
True
Let z be -3 + (-3 + 15/12)*20. Is (z + 42)*((-3594)/(-8) - -1) a prime number?
True
Let a(b) = 1754*b + 37. Is a(21) a composite number?
False
Let x be (-20)/30 - 11684/(-3). Let l be x/8 + (-4)/(-16). Suppose -2*z + l = 3*n, -2*n - 7 + 333 = 2*z. Is n a prime number?
False
Let g(o) = 6*o**2 - 12 + o**3 - 7 + 24. Let f be g(-6). Suppose 2*z = 4*q - 102, -3*z = f*q - 123 + 23. Is q prime?
True
Suppose -5*w - k - 295 = 0, -k = 3*w + 101 + 76. Suppose 2*d = -5*i + 2358, 2*d = -5*i - d + 2357. Let m = w + i. Is m composite?
True
Suppose 6 = i + 2. Suppose -321 = i*n + 3*k, -2*n = 2*n - k + 341. Let z = -31 - n. Is z composite?
False
Let t be -10*(-42)/8*1206. Let g(x) = -14*x - 99. Let o be g(-8). Is (-2)/o - t/(-117) a prime number?
True
Suppose 3*c + 8 = 5*c, 2*y - 16 = -2*c. Is (28/(-8))/((-3 + y)/(-14)) prime?
False
Let x(p) = p**3 + 10*p**2 + 15*p - 5. Let d be x(-8). Suppose 0 = -d*q - q + 4*n + 692, -686 = -4*q - 2*n. Suppose 3*r - q = -r. Is r composite?
False
Suppose -2*s + 7*s + 12352 = 4*z, -4*z - s + 12328 = 0. Is z composite?
False
Suppose 0 = -26*j + 10*j + 4768. Is j composite?
True
Suppose -3*r + 12 = 4*k - r, 3 = k - 5*r. Is 5 - ((-409 - 4) + k) prime?
False
Let a = 18957 - 8399. Is a composite?
True
Let l be -1 - (2 - (-1 - -19)). Let m = 18 - l. Let x(k) = -k**3 + 4*k**2 + k - 2. Is x(m) composite?
True
Suppose 2*o - 714 = -0*o. Suppose 3*r - o = -0*r. Is r a prime number?
False
Let j = -13 - 596. Is j/(-2)*(-6)/(-9) composite?
True
Let q(x) = 24*x + 6. Suppose -3*r = 2*h, -r + 0*r + 17 = -5*h. Let l(m) = -23*m - 5. Let n(d) = r*q(d) + 3*l(d). Is n(-2) a prime number?
False
Let v be (-2408)/238 - (-2)/17. Is (-12050)/(-42) - v/105 a composite number?
True
Suppose 16084 = 20*l - 17476. Is l composite?
True
Suppose -31 = -6*c + 5. Let x(d) = -d**3 + 5*d**2 + 4*d + 2. Let o be x(c). Let h(w) = w**2 + 2*w - 3. Is h(o) a prime number?
False
Suppose -52*g + 671964 - 118736 = 0. Is g a composite number?
False
Suppose 4*a - 2*m + 225242 = 0, 5*m = -5*a - 257882 - 23663. Is a/(-66) + 4/(-22) prime?
True
Suppose -5*o = -3*f + 2108, o = -2*f + 3*o + 1408. Let h be (-1990)/4 - 25/(-10). Let m = f + h. Is m prime?
True
Suppose 4 = -i - 3. Let u(d) = -d**2 - 7*d + 1. Let j be u(i). Let c = 35 - j. Is c a composite number?
True
Let u = -45 - -37. Let q(y) = 19*y**2 + 9*y + 7. Is q(u) composite?
False
Let w(d) = -4*d + 7 + 5*d - 3*d. Let n be w(-9). Suppose 4*q = -5*h + 485, 5*q + 0 = n. Is h a composite number?
True
Suppose 140 + 60 = -4*d. Let z = 188 + -107. Let s = d + z. Is s a prime number?
True
Let t(s) = 181*s - 22. Let n(k) = 90*k - 11. Let c(o) = 9*n(o) - 4*t(o). Is c(2) composite?
True
Let k = -91 + 93. Suppose -2*n = 5*m - 1001, m - 2*m = -k*n - 193. Is m composite?
False
Suppose 2*b + b = 0. Suppose -19 = -5*p - 3*o, 3*p = -3*o - o + 7. Suppose 234 = 3*u - 5*z, p*u - 3*z = -b*u + 406. Is u composite?
False
Suppose 666156 + 680701 = 31*f. Is f prime?
False
Let w be (1 - 4)*7500/(-45). Let b be w/18 + 8/36. Is (154/b)/((-2)/(-44)) a prime number?
False
Let i be (-11656)/(-36) + 2/9. Let z be (23 - 24)*((-81)/1 - -2). Suppose 2*c + 8 = 0, -d + i + z = 4*c. Is d a prime number?
True
Let l be (24/5)/((-24)/80). Let h = -18 - l. Is 84 - -3 - h/(-1) prime?
False
Let o be 3 + 3 + -3 - -7. Let s = -6 + o. Is (s/4)/(2/86) a prime number?
True
Let v(r) = 502*r**3 + 3*r**2 + 7*r - 7. Is 